10). Determine m(y).
0
Let c(x) = 3*x + 6 - x + 0*x. Let v be (-64)/10 - (-6)/15. Let t be (-8)/(-6)*27/v. Determine c(t).
-6
Let i(v) = -v**2 - 8*v + 7. Let t(q) be the third derivative of -3/2*q**3 + 4*q**2 + 1/4*q**4 + 0 - 1/60*q**5 + 0*q. Let l be t(6). What is i(l)?
-2
Let n(x) = 13*x**2 - 15*x - 8. Let c(b) = -11*b**2 + 13*b + 7. Let r(d) = 6*c(d) + 5*n(d). Determine r(3).
2
Let j(y) = y**3 + y**2 + 2. Let a be j(0). Suppose a*m + 0*m = -3*g + 22, 3*m = -2*g + 23. Suppose m*c = 8 - 23. Let d(l) = l**2 + 4*l + 2. Determine d(c).
-1
Let c(s) = -s**2 - 5*s - 6. Suppose 10 = 3*f + 2*f. Let t(i) be the first derivative of -i**4/2 + 4*i**3/3 - 2*i**2 + 3*i + 4. Let h be t(f). Determine c(h).
-6
Let w(i) = -5*i**2 + 1 + 3*i**2 - 8*i**2. Suppose 2*y + 6 = 8. Give w(y).
-9
Let w = 739 + -727. Let o(f) = 5*f + 14. Calculate o(w).
74
Let d(s) = 6 - 4*s**2 + 46*s + 3*s**2 + 25*s - 79*s. Let t = 1 + -1. Let f(v) = -v**2 - 8. Let q be f(t). Determine d(q).
6
Let s = 86 + -53. Let y = 39 - s. Let a(d) = -d**2 + 5*d + 6. Let p be a(y). Let m(i) = -i**3 - i - 16. Give m(p).
-16
Let g = -312 + 314. Let b(n) = -n**3 + 2*n + 1. Give b(g).
-3
Let f(t) = -t**3 - 13*t**2 + 13*t - 19. Let g be 116/(-87) - 38/3. Calculate f(g).
-5
Let k(d) = d + 1. Let s(h) = h**2 + 10*h - 18. Suppose -2*z - 12 = -z. Let o be s(z). Give k(o).
7
Let p be 24/12*2/(-4). Let k = 6 + p. Let j(t) = -2*t + 6*t - t**2 + 2*t**2 - k. Calculate j(-5).
0
Let w(l) = -l - 21. Suppose 0 = -i + 8*i + 7. Let v(j) = 1. Let t(a) = i*w(a) - 3*v(a). Calculate t(0).
18
Let n(c) be the second derivative of c**4/12 + c**3 + c**2/2 + c. Let t(x) be the first derivative of n(x). Suppose -551 + 515 = 6*f. What is t(f)?
-6
Let y(k) = -49*k + 11*k + 13*k + 2 + 9*k + 6*k. Calculate y(-3).
32
Let w be 29 - (-1 - ((1 - 0) + -1)). Suppose -13*d - w = -18*d. Let b(i) = i**3 - 7*i**2 + 6*i - 8. What is b(d)?
-8
Let m(x) = 3 - 3 + 2*x + x. Let q = 8 + -8. Suppose -2*c + 0 - 8 = q. Calculate m(c).
-12
Let b(c) = 35*c - 53. Let f(q) = -16*q + 27. Let k(n) = 6*b(n) + 13*f(n). Give k(-14).
5
Suppose -2*m + 0*k + 4 = -2*k, -4*k = 4. Let c(y) = -y**3 + 3*y - 2. What is c(m)?
0
Let a be 3/((36/(-8))/3). Let b = 4 - 4. Let l(r) = -1 + b + 0*r + r + 3*r. What is l(a)?
-9
Let a(s) = -5*s - 1 - 8 + 9 + 5. Let p(z) = z. Let c(v) = -30*v - 3. Let x(u) = -2*c(u) - 66*p(u). Let q(r) = -5*a(r) + 4*x(r). Give q(4).
3
Let g = 46 + -37. Let h(c) = -c + c**2 + 2*c**2 + g*c + 7 - 2*c**2. Give h(-6).
-5
Let a(t) be the second derivative of 23*t**5/20 + t**4/6 + t**3/6 - 917*t. Give a(-1).
-22
Let k(t) be the first derivative of t**4/4 - 4*t**3/3 - 2*t**2 - 7*t - 2. Let i be -6*(-32)/(-24) - -13. Calculate k(i).
-2
Let v(q) = q**3 - 8*q**2 - q + 7. Suppose 3 - 54 = -3*k. Let y = -9 + k. Give v(y).
-1
Let g = 108 + -303. Let m be 64/34 - 2 - g/(-221). Let r(t) = 10*t + 1. What is r(m)?
-9
Suppose -6*g + 6 = -5*g. Let h(c) = 25*c + 32*c - 9 + 5*c**2 - 49*c - c**3. Calculate h(g).
3
Let f(j) = -j**2 + 7*j + 5. Let s(h) = h**2 - 4*h - 3. Let g(r) = -3*f(r) - 5*s(r). Determine g(-2).
-6
Let s(h) be the third derivative of -h**4/24 - 7*h**3/6 + h**2. Suppose 2*d + 2 = 0, a + 33*d - 32*d + 6 = 0. Calculate s(a).
-2
Let w be (-8 - -14)*8/6. Suppose -28 = 6*t + w. Let c(y) = y**2 + 7*y + 7. Calculate c(t).
1
Let w(s) = -s**3 + 5*s**2 + 8*s - 9. Let k be w(6). Suppose -6*m - k*m = -27. Let g(l) = -l**3 + 5*l**2 - 2*l - 1. What is g(m)?
11
Let a(s) = 2*s**2 + 8*s - 4. Let w = 593 + -600. Calculate a(w).
38
Let i(b) = 2*b**2 + 6*b - 48. Let m be i(-7). Let q(r) be the third derivative of -r**4/24 + 5*r**3/6 - r**2. Calculate q(m).
-3
Let r(v) = 3 + 1 + 5 - v. Let q(b) = b**3 - 4*b**2 - 60. Let u be q(6). What is r(u)?
-3
Let y(d) = -13*d**2 + 2*d - 2. Let g(j) = -6*j**2 + j - 1. Let h(b) = 9*g(b) - 4*y(b). Suppose -k + 92*l - 94*l - 1 = 0, 2*k - 6 = 4*l. Determine h(k).
-2
Let n(w) = -w - 1. Suppose 0*z + 127 = 2*z + 5*h, -162 = -3*z + 2*h. Suppose -4*d + 32 = -z. Let v = 17 - d. What is n(v)?
4
Let l(j) = 0*j + 0*j - 3*j. Suppose -i - 5*i = -12. Calculate l(i).
-6
Let h = 191/168 - -5/168. Let k(q) be the second derivative of 1/12*q**4 - 6*q - h*q**3 + 0 - 3/2*q**2. Give k(6).
-9
Let u = 5 - 2. Let d(a) = a**2 - 8*a**3 - 2 + a + 4*a**u + 1. Let z be (2 - 2) + 1 + 0. Calculate d(z).
-3
Let b(w) = 18*w - 145. Let l be b(8). Let f(g) = -12*g**2 + g + 1. What is f(l)?
-12
Suppose 4*a - 20 = -4*r, -13 - 5 = -5*r + 2*a. Let q(i) = 9 - 3*i + i + r*i. Let b(c) = 116*c + 690. Let p be b(-6). What is q(p)?
-3
Let y(b) = b**3 - 4*b**2 + b - 2. Suppose 8*z = 19 - 3. Suppose -23 + z = -7*k. Determine y(k).
-8
Let x(a) = 5*a + a + 0*a + a**2 - 8. Let p(d) = d - 2. Let j be p(-5). Give x(j).
-1
Let n(b) = b**3 + 3*b**2 + b - 3. Suppose 4*r = 4, 9*h - 19 = 4*h - 4*r. Suppose 5*g - h = -4*o, -g = -5*o - 4 - 14. What is n(o)?
-6
Suppose 5*z = 5*t + 15, -z + 11*t - 13 = 6*t. Let i(r) = r - 9. Determine i(z).
-2
Let y = 14 - 9. Suppose -2 = 4*v - y*v. Let u(f) = f + 3*f - 1 - 2*f. Calculate u(v).
3
Let r be (-63)/(-105) + 34/10 + 2. Let s(w) = 4*w + 9. Let h(i) = -i - 3. Suppose 4*n - n - 6 = 0. Let z(a) = n*s(a) + 7*h(a). What is z(r)?
3
Let x(o) = -2*o**3 + 10*o**2 - 15*o - 8. Let i(v) = 3*v**3 - 15*v**2 + 22*v + 12. Suppose 0 = -4*k - 11 - 17. Let s(w) = k*x(w) - 5*i(w). What is s(4)?
-8
Let m(p) = -51*p + 99*p - 5 - 49*p + 18. Calculate m(0).
13
Let w(z) = z**3 + z**2 + z - 2. Let t = -222 - -222. What is w(t)?
-2
Suppose 15 = 5*g - 5*c, -6*g + 2*g - c = -7. Let v(h) = -3*h**3 + 5*h**2 - 2*h + 3. Calculate v(g).
-5
Let l(a) = a**2 - 3*a - 1. Suppose q + 4*q = -t + 28, 4*q + t = 22. Suppose 4 = q*m - 3*m - 2*v, -4*m + 9 = v. What is l(m)?
-3
Let m(q) = -5*q - 16*q**2 + 19*q**2 - q**2 - 2*q**3 + 3*q + 8 + 0*q. Determine m(2).
-4
Let g be 0*(1 + (-3)/2). Let r be 2 + -6 + g + 2. Let z(j) = -j + 6*j - 2*j. What is z(r)?
-6
Let p(g) be the third derivative of g**6/120 + g**5/15 + g**4/12 - g**3/3 + 143*g**2. Give p(-3).
1
Let s(x) = -6*x**3 - 3*x**2 - 2*x + 1. Let m(p) = 13*p**3 + 6*p**2 + 6*p - 3. Let r(b) = -3*m(b) - 7*s(b). Give r(1).
4
Let f(b) = -b**3 - 5*b**2 - 2*b - 5. Let d(j) be the first derivative of 5*j**2 + 5*j + 3. Let q be d(-1). Give f(q).
5
Let f(i) = -i**2 + 10*i - 28. Let g be f(6). Let a(d) = d**2 + d - 1. Give a(g).
11
Let w be ((-24)/84)/(3/(-21))*1. Let h(c) be the third derivative of 8*c**w + 0 - 1/6*c**4 - 1/60*c**5 + 0*c - 1/3*c**3. Determine h(-6).
-14
Suppose 2*d = -4*x - 14, x - 64 = 4*d - 0*x. Let u = -22 - d. Let p(y) = -y - 1. Give p(u).
6
Suppose 2*v = -0*v - 20. Let g = -5 - v. Suppose 11 = -m + 2*l, 7*m - g*l + 32 = 3*m. Let j(s) = s**3 + 4*s**2 + 5*s + 2. What is j(m)?
-4
Let l(j) be the second derivative of 2*j**4/3 - j**3/3 + j**2/2 + j. Let b be -51 + 58 - (6 - 0/1). What is l(b)?
7
Let d be (-1496)/(-8) + (-1 - -4). Let t(s) = d*s - 190*s - s**3 + s**2 - 6. Give t(0).
-6
Let t(o) be the second derivative of -o**6/20 + o**4/12 + o**3/6 - 8*o**2 + 14*o. Let k(q) be the first derivative of t(q). Suppose -5 + 4 = b. What is k(b)?
5
Let p be (27 - 1) + (-13 - -11). Let j = -27 + p. Let t(r) = -r**3 - 4*r**2 - r + 4. Calculate t(j).
-2
Let z(f) be the third derivative of 0*f + 29*f**2 - 1/60*f**5 - 2/3*f**3 + 0 - 1/12*f**4. Calculate z(-3).
-7
Let g(q) = q**3 + 2*q**2 - q + 1. Let r = 21 + -25. Let t be r/(-10) + (-60)/25. Calculate g(t).
3
Suppose -8 = 4*l - 6*l. Let i(k) = 2 - 3 - k**2 + l - 2*k - 5. Determine i(-5).
-17
Let b(r) = 3*r**2 + 3 + 0*r**2 + r - 4*r - 4. Let l(o) = 10*o**2 - 8*o - 3. Let d(s) = -7*b(s) + 2*l(s). Let u be 14 + -15 - 10/(-2). Calculate d(u).
5
Let g(o) = -o**2 + 4*o + 5. Let f(p) = -p + 1. Let j(z) = 2*z**2 - 3*z - 13. Let y(m) = -4*f(m) - j(m). Let l(b) = 11*g(b) - 6*y(b). What is l(-2)?
1
Suppose 3*f + 5*f = -0*f. Let i(j) = j**2 - 3*j + 5 + 4*j + f*j**2 - 7. Let k = 0 + 0. Give i(k).
-2
Suppose 3*n - 4 = 5. Let g(k) = 6*k - 16. Let o be g(n). Let v(z) = 6*z**2 + 2*z + 7. Let f(r) = r**2 + r + 1. Let l(m) = -4*f(m) + v(m). Determine l(o).
7
Let h(b) be the first derivative of -b**4/4 + 5*b**3/3 - b**2 + 3*b + 81. Determine h(4).
11
Suppose -4*n - 148 = 2*q, -3*n - 199 = 2*n - q. Let h = 46 + n. Let o(x) = -x**2 + 8*x + 7. Give o(h).
14
Let t(v) = -10*v - 1. Let a(i) = -31*i - 3. Let u(r) = 2*a(r) - 